2. What are the prime factors of j(-1)?
5, 11
Let z = -160 + 250. What are the prime factors of z?
2, 3, 5
Let i(k) = -6*k**3 - k**2 - 2*k - 4. List the prime factors of i(-2).
2, 11
Suppose -4*g + 4*y + 80 = 0, 0*y = 3*g + 3*y - 30. Suppose s = 2*s - g. List the prime factors of s.
3, 5
Suppose 4*f = n + 3*n - 8, 5*n - 2*f = 10. Suppose -n*t = -1 - 3. Suppose 6*c - 26 = -3*b + 4*c, -t*b - c + 18 = 0. List the prime factors of b.
2, 5
Suppose -1 = -4*t + 3. Let i = 6 - 7. List the prime factors of t - 3/3*i.
2
Suppose -6 = 3*y + 3*i, 2*y - 6*i + 2*i - 20 = 0. Suppose -y*d = 2*d - 20. Let j = d - -7. List the prime factors of j.
2, 3
Let g = 12 + 6. List the prime factors of g.
2, 3
Let q(d) = d**2 - 15*d - 33. List the prime factors of q(19).
43
Suppose -c + 1 + 45 = 0. List the prime factors of c.
2, 23
Suppose -p + 21 = -0*p - v, 3*p = -3*v + 63. What are the prime factors of p?
3, 7
Suppose 2*a + 3*l - 40 = -2*l, -3*l - 6 = 0. Suppose 0 = p - 6*p + a. Let j(z) = -z**3 + 7*z**2 - 8*z + 7. List the prime factors of j(p).
17
Let o(d) be the third derivative of 0 + 7/60*d**5 + 1/6*d**4 + d**2 + 1/120*d**6 - 1/2*d**3 + 0*d. List the prime factors of o(-6).
3
Let p(w) = -w**3 + 3*w**2 + w. Let r be p(3). Suppose 13 = r*k - 2. Suppose -c + 14 = k*z - 36, z + c = 10. What are the prime factors of z?
2, 5
Suppose 0*m = -5*m - 55. Let h = m + 19. What are the prime factors of h?
2
Let b = -46 - -75. List the prime factors of b.
29
Let y(i) = -i - 2. Let l be y(-4). Suppose -s + 6*s = -l*u + 39, 3*u + 3*s = 36. List the prime factors of u.
7
List the prime factors of ((-1)/(6/(-356)))/(38/57).
89
Suppose -p + 85 = -6*p. Let n = -10 - p. Suppose 0*s - 5*t = -s + 7, -t = -3*s + n. What are the prime factors of s?
2
Suppose 2*u - 10 = -s, 3*s - 2 = u - 0. Suppose c - 141 = -s*x, -3*x + 5*c - 129 = -5*x. Suppose 0*g = 4*g - x. List the prime factors of g.
2, 3
Let a(m) = 51*m + 9. List the prime factors of a(1).
2, 3, 5
List the prime factors of (-2)/3*(-999)/6 + 1.
2, 7
Let z(k) = -k**2 - 8*k + 3. Let a(w) = -7*w + 2. Let t(o) = o - 1. Let m(f) = a(f) + 6*t(f). Let n be m(4). What are the prime factors of z(n)?
3
Suppose -2*h - 411 = -5*h. What are the prime factors of h?
137
Let x(u) = u. Let l be x(-7). Let j(y) = -y - 4. Let g be j(l). Suppose -h + 16 = g*p + h, 0 = -p + h + 2. What are the prime factors of p?
2
Let b(w) = w**3 - w**2 + 1. Let i(o) = 6*o**3 + 3*o**2 - 2. Let t(f) = 3*b(f) + i(f). What are the prime factors of t(1)?
2, 5
Suppose 7*m - 2*m - 4*k - 107 = 0, -4*m = -k - 79. Suppose 55 = 4*t + m. List the prime factors of t.
3
Let o be 68/(-7) + 2/(-7). Let h(t) = t**2 + 6*t + 6. List the prime factors of h(o).
2, 23
Suppose 4*i = 5*v - 57 + 251, 0 = i + 5*v - 36. What are the prime factors of i?
2, 23
Suppose f - 3 = -2*s, -5*f + 3*s - 4 + 6 = 0. Let p be 4 - -18 - -1*f. Suppose p = l - 5*r, 5*l = -r - 4*r + 25. List the prime factors of l.
2
Let d(r) = r**3 + 7*r**2 + 6*r + 9. Let k be d(-6). Suppose 0 = v + 5*q - 25, -k = 2*v + 2*q - 27. What are the prime factors of v?
5
Suppose 2 + 2 = w. Suppose w*u = -4*x + 60, u + 4*x - 18 = 2*x. What are the prime factors of u?
2, 3
Let j(h) be the second derivative of -h**4/12 + 13*h**3/6 + 7*h**2/2 + 4*h. What are the prime factors of j(8)?
47
Let j = 0 - 0. Suppose j = -4*r + r. Suppose 3 = v - r. List the prime factors of v.
3
Let o(k) = 2*k - 1. Let w be 8/(-16) - (-22)/4. What are the prime factors of o(w)?
3
Let j be (-1 - 1)*(-11 + 1). Suppose 0*c - j = -5*c. What are the prime factors of c?
2
Let w(z) = 4*z**3 - 11*z**2 - 2*z + 6. Let j(s) = 5*s**3 - 12*s**2 - s + 7. Let a(y) = -5*j(y) + 6*w(y). List the prime factors of a(-5).
11
Let h(w) = w**2 + 14*w + 42. List the prime factors of h(-12).
2, 3
Suppose -b + 2*b = 0. Suppose -2*u - q + 111 + 13 = b, 51 = u - 5*q. Let s = u - 42. What are the prime factors of s?
19
Let l(n) = n - 6. Let t be l(4). Let z = 7 + t. List the prime factors of z*(3/(-3))/(-1).
5
Suppose 15 = 2*n + n, -g = -n + 60. Let x = -2 - g. What are the prime factors of x?
53
What are the prime factors of (-1 - -259)/((-12)/18*-3)?
3, 43
Suppose 0*r = -4*r + 32. Suppose 0 = 2*a - 66 + r. List the prime factors of a.
29
Let i(f) = -12*f - 3 + 7*f + f. List the prime factors of i(-5).
17
Let t(x) = x**3 - 6*x**2 + x + 2. Let k be t(6). Suppose 4*h - 31 = h - 5*b, 0 = 2*h - 3*b - k. List the prime factors of h.
7
Let t(r) = -30*r**3 + 1. What are the prime factors of t(-1)?
31
Suppose -5*s - 71 = -3*z - z, 4*s - 5*z = -55. Let l be 6/s - 26/10. Let o = 5 + l. What are the prime factors of o?
2
Suppose p - 10 = 6*p, 10 = 2*u - 3*p. What are the prime factors of (8 - u) + -2*1?
2
Let z(n) be the first derivative of -n**3/3 + 9*n**2/2 - 3*n - 1. Let a be z(8). Let t = a - 2. List the prime factors of t.
3
Suppose 0*t = -t + 35. What are the prime factors of t?
5, 7
Suppose -3 = 5*o + 4*x + 13, -4*o - 5*x - 11 = 0. Let c be 1 + o/(4/(-3)). Suppose c*h + 4 = 3*p - p, -p = 5*h - 23. List the prime factors of p.
2
Let d(w) = 3*w**2 - 3*w - 9. Let t(n) be the second derivative of -n**4/12 + n**3/3 + 2*n**2 + 2*n. Let g(z) = 2*d(z) + 5*t(z). List the prime factors of g(-5).
7
Let g(p) = -4*p. Let a be g(-1). Let v be 1/4 - 11/(-4). Suppose -a*r = -2*x - 14, v*x = 2*r + 3 - 12. List the prime factors of r.
3
Let a = 2 - 1. Let m(f) = 7*f - f**2 + 1 + 3 + a. What are the prime factors of m(6)?
11
Let r(s) = s + 2. Let q be (-2)/(-5) - (-8)/5. Let m be r(q). Suppose 0 = 5*j - m*l - 14, -3*j = -l + 4*l - 3. What are the prime factors of j?
2
Let p = -178 + 317. What are the prime factors of p?
139
Let h(d) = 2*d**2 + 9*d + 14. What are the prime factors of h(-10)?
2, 31
Let v(k) = k + 8. Let m be v(-4). Let h = 7 - m. Let d(n) = 5*n - 3. What are the prime factors of d(h)?
2, 3
Suppose -3*b + 33 = -45. Suppose 5*p + 3*l - 30 = 0, -4*p + 4*l + b = 6*l. What are the prime factors of (30/p)/(1/3)?
2, 5
Let i = 53 + 0. What are the prime factors of i?
53
Let l(x) = -x**3 + 5*x**2 + 8*x - 8. Let g be l(6). List the prime factors of 11*(3 + (2 - g)).
11
Let l(k) = -26*k - 7. Let s be l(-2). Suppose u - 73 = -4*a - 21, -3*a = -u + s. What are the prime factors of u?
2, 3
Let j(w) = -4*w**3 + 3*w**2 + 4*w + 2. Let n be j(-2). Suppose 0 = 5*h + p - 137, 4*h + p - 71 - n = 0. List the prime factors of (-116)/(-14) - 8/h.
2
List the prime factors of (-3 + 0 - -2) + (127 - -2).
2
Let o(b) = -b + 8. Let l be o(9). Let r be 6*(0 - l)*1. Suppose w = r*w - 20. List the prime factors of w.
2
Let c = 73 + -105. What are the prime factors of 4/2 - c/2?
2, 3
List the prime factors of (-89)/1*(-4)/(12/3).
89
Suppose -k = -3*k - 18. Let b = 28 + k. List the prime factors of b.
19
Let g(y) = 3*y - 17. Let s be 13 - (-1)/(-1) - -1. What are the prime factors of g(s)?
2, 11
Suppose 0*z - 3*h = -z + 84, 5*h = 2*z - 165. List the prime factors of z.
3, 5
Let k(b) = b**3 + 9*b**2 - 13*b - 11. Let n(m) = m**2 - 7*m + 9. Let x be n(6). Suppose 0 = -x*i + 2*i - 10. List the prime factors of k(i).
19
Let n = -3 + 2. Let i = -7 - n. List the prime factors of (-3)/i*44/2.
11
Let q(f) = f**3 + 4*f**2 - 2*f + 2. Let x be q(-3). Suppose 3*m = -4*t + x, 2*t = -t + 6. List the prime factors of m.
3
Let i(u) = -3*u - 4. Let n be i(-3). Suppose -4*g + 7*g + 15 = 3*t, -n*g = 2*t + 32. What are the prime factors of g/(-4) + 2/4?
2
Suppose -3*r = 165 + 105. List the prime factors of (r/(-21))/(3/21).
2, 3, 5
What are the prime factors of (-7)/((12/(-28))/3)?
7
Suppose 5*v = u + 16, -2*u = -5*v + v + 20. Let h = -4 - u. Suppose 13 + 7 = 2*l - h*c, 54 = 3*l + 3*c. List the prime factors of l.
2, 7
List the prime factors of 8094/(-95)*10/(-3).
2, 71
Suppose 4*j + l = 2*l + 30, 3*l = 4*j - 34. Suppose j - 35 = -n. What are the prime factors of n?
2, 7
Let s be (-1)/4 + (-34)/(-8). Let g(k) = k**2 - 5*k + 6. Let h be g(3). Suppose 0*i - s*i + 20 = h. What are the prime factors of i?
5
Suppose -2*z - 20 = -4*z. Suppose m - 2*h + 2 = 4*m, -m + z = -4*h. What are the prime factors of m?
2
Suppose -5*l + 23 = 3. Suppose -o = l*o + 45. Let s = 2 - o. List the prime factors of s.
11
List the prime factors of (33/6)/(5/10).
11
What are the prime factors of (-2 + 6 - 5)/((-3)/309)?
103
Suppose 5 = -4*m + 25. List the prime factors of 15/